{"id":12401,"date":"2022-05-10T20:15:36","date_gmt":"2022-05-10T20:15:36","guid":{"rendered":"https:\/\/mueblesypublicidad.ar\/shop\/?post_type=product&#038;p=12401"},"modified":"2024-03-06T14:12:50","modified_gmt":"2024-03-06T14:12:50","slug":"sillon-director-cano-blanco-redondo","status":"publish","type":"product","link":"https:\/\/mueblesypublicidad.ar\/shop\/product\/sillon-director-cano-blanco-redondo\/","title":{"rendered":"Sill\u00f3n Director Ca\u00f1o Redondo Blanco"},"content":{"rendered":"<p>Sill\u00f3n modelo Director, de ca\u00f1o reforzado redondo en color blanco. Es plegable y apilable. S\u00faper Resistente.<br \/>\nSe puede combinar con la <a href=\"https:\/\/mueblesypublicidad.ar\/shop\/product-category\/muebles-de-exterior\/linea-cano\/\">Mesa de Ca\u00f1o Reforzado cuadrada<\/a>\u00a0y tambi\u00e9n, con la <a href=\"https:\/\/mueblesypublicidad.ar\/shop\/product-category\/muebles-de-exterior\/linea-cano\/\">mesa de ca\u00f1o reforzado redonda<\/a>.<\/p>\n<p>\u2022 Plegadizos de ca\u00f1o reforzado con pintura epoxi de alta resistencia.<br \/>\n\u2022 Consultar por colores de ca\u00f1o disponibles.<br \/>\n\u2022 Materiales y Lonas De Primera Calidad.<br \/>\n\u2022 Con Lona Cordura de Alta Resistencia Con Costura Doble Reforzada.<br \/>\n\u2022 Impresiones A Todo Color.<br \/>\n\u2022 Estampados Full Color. Todo Tipo De Logotipos.<br \/>\n\u2022 Venta Por Mayor Y Por Unidad.<br \/>\n\u2022 Amplio Stock Permanente.<br \/>\n\u2022\u00a0<strong>SIN estampado DISPONIBILIDAD INMEDIATA<\/strong>.<\/p>\n<p>Especificaciones:<br \/>\n<strong>LONA<\/strong><br \/>\nMaterial: Cordura impermeable doble tramado anti desgarro, la misma que utilizan las primeras marcas deportivas para confeccionar las mochilas y bolsos.<br \/>\nColores: Blanco, negro, rojo, azul Francia, azul marino, entre otros.<\/p>\n<p><strong>ESTRUCTURA<\/strong><br \/>\nMaterial: Ca\u00f1o reforzado<br \/>\nTipo: Redondo<br \/>\nColores: Blanco, negro o gris metalizado<br \/>\nPintura: <a href=\"https:\/\/es.wikipedia.org\/wiki\/Resina_epoxi\">Epoxi<\/a> de alta resistencia para exterior y uso continuo.<br \/>\nHerrajes: elaborado con antioxidante.<br \/>\nRemaches: Doble grosor y acero elaborado con antioxidante que brindan mayor resistencia a exteriores.<\/p>\n<p><strong>DIMENSIONES APROXIMADAS<\/strong><br \/>\nAncho: 53 cm \/ Alto: 85 cm \/ Profundidad: 52 cm. \/ Alto Asiento: 48 cm. \/ Altura apoyabrazos: 62cm.<\/p>\n<p><strong>NO INCLUYE ESTAMPADO DE LOGOTIPO<\/strong><br \/>\nConsultar por impresi\u00f3n de su logo.<\/p>\n<p>Garant\u00eda:<strong> 6 meses<\/strong> (cubre defectos de fabricaci\u00f3n).<br \/>\nNO cubre el traslado de la mercader\u00eda as\u00ed como tampoco el mal uso o el desgaste l\u00f3gico.<br \/>\nLa reposici\u00f3n o reparaci\u00f3n se realiza en el local.<\/p>\n","protected":false},"excerpt":{"rendered":"<p>Sill\u00f3n Director Ca\u00f1o Redondo Blanco. Su estructura\u00a0 es de ca\u00f1o Reforzado, plegable, apilable y resistente.<br \/>\nGran variedad de color en lonas. CON o SIN\u00a0 estampado. Venta por Mayor y Menor.<\/p>\n","protected":false},"featured_media":12427,"comment_status":"open","ping_status":"closed","template":"","meta":{"_seopress_robots_primary_cat":"none","_seopress_titles_title":"","_seopress_titles_desc":"","_seopress_robots_index":""},"product_cat":[15,154,152,203,165],"product_tag":[205,219,221,216,220,143,218,142,217,140],"class_list":{"0":"post-12401","1":"product","2":"type-product","3":"status-publish","4":"has-post-thumbnail","6":"product_cat-todos-los-productos","7":"product_cat-linea-cano","8":"product_cat-muebles-de-exterior","9":"product_cat-sillon-director","10":"product_cat-sillon-director-de-cano","11":"product_tag-abaco","12":"product_tag-mobiliario-para-heladerias","13":"product_tag-mobiliario-publicitario","14":"product_tag-muebles-de-exterior","15":"product_tag-muebles-estampados","16":"product_tag-muebles-para-bar","17":"product_tag-muebles-plegables","18":"product_tag-muebles-publicitarios","19":"product_tag-sillon-cano","20":"product_tag-sillon-director","22":"first","23":"instock","24":"shipping-taxable","25":"purchasable","26":"product-type-variable"},"jetpack_sharing_enabled":true,"_links":{"self":[{"href":"https:\/\/mueblesypublicidad.ar\/shop\/wp-json\/wp\/v2\/product\/12401","targetHints":{"allow":["GET"]}}],"collection":[{"href":"https:\/\/mueblesypublicidad.ar\/shop\/wp-json\/wp\/v2\/product"}],"about":[{"href":"https:\/\/mueblesypublicidad.ar\/shop\/wp-json\/wp\/v2\/types\/product"}],"replies":[{"embeddable":true,"href":"https:\/\/mueblesypublicidad.ar\/shop\/wp-json\/wp\/v2\/comments?post=12401"}],"wp:featuredmedia":[{"embeddable":true,"href":"https:\/\/mueblesypublicidad.ar\/shop\/wp-json\/wp\/v2\/media\/12427"}],"wp:attachment":[{"href":"https:\/\/mueblesypublicidad.ar\/shop\/wp-json\/wp\/v2\/media?parent=12401"}],"wp:term":[{"taxonomy":"product_cat","embeddable":true,"href":"https:\/\/mueblesypublicidad.ar\/shop\/wp-json\/wp\/v2\/product_cat?post=12401"},{"taxonomy":"product_tag","embeddable":true,"href":"https:\/\/mueblesypublicidad.ar\/shop\/wp-json\/wp\/v2\/product_tag?post=12401"}],"curies":[{"name":"wp","href":"https:\/\/api.w.org\/{rel}","templated":true}]}}