{"id":12415,"date":"2022-05-04T20:33:32","date_gmt":"2022-05-04T20:33:32","guid":{"rendered":"https:\/\/mueblesypublicidad.ar\/shop\/?post_type=product&#038;p=12415"},"modified":"2024-03-06T14:13:01","modified_gmt":"2024-03-06T14:13:01","slug":"sillon-director-cano-redondo-gris","status":"publish","type":"product","link":"https:\/\/mueblesypublicidad.ar\/shop\/product\/sillon-director-cano-redondo-gris\/","title":{"rendered":"Sill\u00f3n Director Ca\u00f1o Redondo Gris"},"content":{"rendered":"<p>Sill\u00f3n Director plegable y apilable de ca\u00f1o reforzado redondo. Resistente.<\/p>\n<p>Especificaciones:<\/p>\n<p>LONA<br \/>\nMaterial: vin\u00edlica impermeable o cordura impermeable doble tramado anti desgarro, la misma que utilizan las primeras marcas deportivas para confeccionar las mochilas y bolsos.<br \/>\nColores: Blanco, negro, rojo, azul Francia, azul marino, entre otros.<\/p>\n<p>ESTRUCTURA<br \/>\nMaterial: Ca\u00f1o reforzado<br \/>\nTipo: Redondo<br \/>\nColores: Blanco, negro o gris metalizado<br \/>\nPintura: Epoxi de alta resistencia para exterior y uso continuo.<br \/>\nHerrajes: elaborado con antioxidante.<br \/>\nRemaches: Doble grosor y acero elaborado con antioxidante que brindan mayor resistencia a exteriores.<\/p>\n<p>DIMENSIONES APROXIMADAS<br \/>\nAncho: 53 cm \/ Alto: 85 cm \/ Profundidad: 52 cm. \/ Alto Asiento: 48 cm. \/ Altura apoyabrazos: 62cm.<\/p>\n<p>NO INCLUYE ESTAMPADO DE LOGOTIPO<br \/>\nConsultar por impresi\u00f3n de su logo.<\/p>\n<p>Garant\u00eda: 6 meses (cubre defectos de fabricaci\u00f3n).<br \/>\nNO cubre el traslado de la mercader\u00eda as\u00ed como tampoco el mal uso o el desgaste l\u00f3gico.<br \/>\nLa reposici\u00f3n o reparaci\u00f3n se realiza en el local.<\/p>\n","protected":false},"excerpt":{"rendered":"<p>Sill\u00f3n Director plegable y apilable de ca\u00f1o reforzado redondo. Resistente.<\/p>\n","protected":false},"featured_media":12416,"comment_status":"open","ping_status":"closed","template":"","meta":{"_seopress_robots_primary_cat":"","_seopress_titles_title":"","_seopress_titles_desc":"","_seopress_robots_index":""},"product_cat":[154,152,203,165],"product_tag":[205,230,231,232,216,233,142,222,215,234],"class_list":{"0":"post-12415","1":"product","2":"type-product","3":"status-publish","4":"has-post-thumbnail","6":"product_cat-linea-cano","7":"product_cat-muebles-de-exterior","8":"product_cat-sillon-director","9":"product_cat-sillon-director-de-cano","10":"product_tag-abaco","11":"product_tag-mobiliario-para-bares","12":"product_tag-muebles-apilables","13":"product_tag-muebles-con-estampado","14":"product_tag-muebles-de-exterior","15":"product_tag-muebles-para-heladerias","16":"product_tag-muebles-publicitarios","17":"product_tag-sillon-director-cano","18":"product_tag-sombrillas","19":"product_tag-sombrillas-para-ferias","21":"first","22":"instock","23":"shipping-taxable","24":"purchasable","25":"product-type-variable"},"jetpack_sharing_enabled":true,"_links":{"self":[{"href":"https:\/\/mueblesypublicidad.ar\/shop\/wp-json\/wp\/v2\/product\/12415","targetHints":{"allow":["GET"]}}],"collection":[{"href":"https:\/\/mueblesypublicidad.ar\/shop\/wp-json\/wp\/v2\/product"}],"about":[{"href":"https:\/\/mueblesypublicidad.ar\/shop\/wp-json\/wp\/v2\/types\/product"}],"replies":[{"embeddable":true,"href":"https:\/\/mueblesypublicidad.ar\/shop\/wp-json\/wp\/v2\/comments?post=12415"}],"wp:featuredmedia":[{"embeddable":true,"href":"https:\/\/mueblesypublicidad.ar\/shop\/wp-json\/wp\/v2\/media\/12416"}],"wp:attachment":[{"href":"https:\/\/mueblesypublicidad.ar\/shop\/wp-json\/wp\/v2\/media?parent=12415"}],"wp:term":[{"taxonomy":"product_cat","embeddable":true,"href":"https:\/\/mueblesypublicidad.ar\/shop\/wp-json\/wp\/v2\/product_cat?post=12415"},{"taxonomy":"product_tag","embeddable":true,"href":"https:\/\/mueblesypublicidad.ar\/shop\/wp-json\/wp\/v2\/product_tag?post=12415"}],"curies":[{"name":"wp","href":"https:\/\/api.w.org\/{rel}","templated":true}]}}