{"id":12567,"date":"2022-05-07T15:33:49","date_gmt":"2022-05-07T15:33:49","guid":{"rendered":"https:\/\/mueblesypublicidad.ar\/shop\/?post_type=product&#038;p=12567"},"modified":"2024-02-15T15:31:43","modified_gmt":"2024-02-15T15:31:43","slug":"base-pie-de-sombrilla-de-35-kg-cemento","status":"publish","type":"product","link":"https:\/\/mueblesypublicidad.ar\/shop\/product\/base-pie-de-sombrilla-de-35-kg-cemento\/","title":{"rendered":"Base Pi\u00e9 De Sombrilla De 40 Kg. Cemento"},"content":{"rendered":"<p>BASE DE SOMBRILLA GRANDE PESADA DE 40 KILOS REDONDA<\/p>\n<p>Base ideal para sombrillas MUY grandes, aptas para exterior y uso continuo<\/p>\n<p>Especificaciones:<\/p>\n<p>&#8211; Material: cemento<br \/>\n&#8211; Relleno: Hormig\u00f3n<br \/>\n&#8211; Peso: 40 kg<br \/>\n&#8211; Di\u00e1metro de la base: 50 cm<br \/>\n&#8211; Mariposa ajustable: Si<\/p>\n<p>El di\u00e1metro m\u00e1ximo que el m\u00e1stil de su sombrilla deber\u00eda tener para poder ser utilizado en este modelo de base es de 4.9 cent\u00edmetros.<\/p>\n<p>Garant\u00eda: 15 d\u00edas (cubre defectos de fabricaci\u00f3n)<br \/>\nNO cubre el traslado de la mercader\u00eda as\u00ed como tampoco el mal uso o el desgaste l\u00f3gico.<br \/>\nLa reposici\u00f3n o reparaci\u00f3n se realiza en el local.<\/p>\n","protected":false},"excerpt":{"rendered":"<p>Base \/ soporte de o para sombrillas muy\u00a0 grandes de 40 Kg. aproximadamente.<\/p>\n","protected":false},"featured_media":14125,"comment_status":"open","ping_status":"closed","template":"","meta":{"_seopress_robots_primary_cat":"none","_seopress_titles_title":"%%post_title%%","_seopress_titles_desc":"%%post_excerpt%%","_seopress_robots_index":""},"product_cat":[162,302,161,154,89,152,163,156],"product_tag":[205,315,323,286,324,321,320,258,309,322],"class_list":{"0":"post-12567","1":"product","2":"type-product","3":"status-publish","4":"has-post-thumbnail","6":"product_cat-bases-para-sombrillas-linea-cano","7":"product_cat-bases-para-sombrillas-2","8":"product_cat-bases-para-sombrillas","9":"product_cat-linea-cano","10":"product_cat-linea_madera","11":"product_cat-muebles-de-exterior","12":"product_cat-sombrillas-de-cano","13":"product_cat-sombrillas-de-madera","14":"product_tag-abaco","15":"product_tag-base-para-sombrilla","16":"product_tag-base-pesada-de-sombrilla","17":"product_tag-muebles-de-jardin","18":"product_tag-muebles-publiciarios","19":"product_tag-sombrilla-gigante","20":"product_tag-sombrilla-grande","21":"product_tag-sombrilla-publicitaria","22":"product_tag-soporte-para-sombrilla","23":"product_tag-soporte-pesado","25":"first","26":"instock","27":"shipping-taxable","28":"purchasable","29":"product-type-simple"},"jetpack_sharing_enabled":true,"_links":{"self":[{"href":"https:\/\/mueblesypublicidad.ar\/shop\/wp-json\/wp\/v2\/product\/12567","targetHints":{"allow":["GET"]}}],"collection":[{"href":"https:\/\/mueblesypublicidad.ar\/shop\/wp-json\/wp\/v2\/product"}],"about":[{"href":"https:\/\/mueblesypublicidad.ar\/shop\/wp-json\/wp\/v2\/types\/product"}],"replies":[{"embeddable":true,"href":"https:\/\/mueblesypublicidad.ar\/shop\/wp-json\/wp\/v2\/comments?post=12567"}],"wp:featuredmedia":[{"embeddable":true,"href":"https:\/\/mueblesypublicidad.ar\/shop\/wp-json\/wp\/v2\/media\/14125"}],"wp:attachment":[{"href":"https:\/\/mueblesypublicidad.ar\/shop\/wp-json\/wp\/v2\/media?parent=12567"}],"wp:term":[{"taxonomy":"product_cat","embeddable":true,"href":"https:\/\/mueblesypublicidad.ar\/shop\/wp-json\/wp\/v2\/product_cat?post=12567"},{"taxonomy":"product_tag","embeddable":true,"href":"https:\/\/mueblesypublicidad.ar\/shop\/wp-json\/wp\/v2\/product_tag?post=12567"}],"curies":[{"name":"wp","href":"https:\/\/api.w.org\/{rel}","templated":true}]}}