{"id":14073,"date":"2023-09-11T18:41:42","date_gmt":"2023-09-11T18:41:42","guid":{"rendered":"https:\/\/mueblesypublicidad.ar\/shop\/?post_type=product&#038;p=14073"},"modified":"2023-11-17T19:22:09","modified_gmt":"2023-11-17T19:22:09","slug":"silla-plastica-akira-apilable","status":"publish","type":"product","link":"https:\/\/mueblesypublicidad.ar\/shop\/product\/silla-plastica-akira-apilable\/","title":{"rendered":"Silla Pl\u00e1stica AKIRA Apilable"},"content":{"rendered":"<p>Silla pl\u00e1stica con <strong>respaldo alto<\/strong>, regatones en las patas <strong>antideslizantes<\/strong>. Reforzada, soporta hasta 120 kg.<\/p>\n<p><strong>Caracter\u00edsticas<\/strong>:<\/p>\n<ul>\n<li>Apilable<\/li>\n<li>Fabricada con pl\u00e1stico virgen de primera calidad<\/li>\n<li>Con regatones antideslizantes en las patas<\/li>\n<li>Soporta hasta 120 kg<\/li>\n<li>Liviana y pr\u00e1ctica.<\/li>\n<\/ul>\n<p><strong>Especificaciones t\u00e9cnicas<br \/>\n<\/strong><\/p>\n<ul>\n<li>Ancho: 41 cm<\/li>\n<li>Profundidad: 52 cm<\/li>\n<li>Altura 82 cm<\/li>\n<\/ul>\n","protected":false},"excerpt":{"rendered":"<p>Silla pl\u00e1stica con respaldo alto, regatones en las patas antideslizantes. Reforzada, soporta hasta 120 kg. Caracter\u00edsticas: Apilable Fabricada con pl\u00e1stico virgen de<\/p>\n","protected":false},"featured_media":14078,"comment_status":"open","ping_status":"closed","template":"","meta":{"_seopress_robots_primary_cat":"","_seopress_titles_title":"%%post_title%%","_seopress_titles_desc":"Silla pl\u00e1stica con respaldo alto, regatones en las patas antideslizantes. Reforzada, soporta hasta 120 kg. Venta por mayor y menor. Env\u00edos a todo el Pa\u00eds.","_seopress_robots_index":""},"product_cat":[15,155,152,326,167],"product_tag":[],"class_list":{"0":"post-14073","1":"product","2":"type-product","3":"status-publish","4":"has-post-thumbnail","6":"product_cat-todos-los-productos","7":"product_cat-linea-plastico","8":"product_cat-muebles-de-exterior","9":"product_cat-sillas-muebles-de-exterior","10":"product_cat-sillas-de-plastico","12":"first","13":"instock","14":"shipping-taxable","15":"product-type-variable"},"jetpack_sharing_enabled":true,"_links":{"self":[{"href":"https:\/\/mueblesypublicidad.ar\/shop\/wp-json\/wp\/v2\/product\/14073","targetHints":{"allow":["GET"]}}],"collection":[{"href":"https:\/\/mueblesypublicidad.ar\/shop\/wp-json\/wp\/v2\/product"}],"about":[{"href":"https:\/\/mueblesypublicidad.ar\/shop\/wp-json\/wp\/v2\/types\/product"}],"replies":[{"embeddable":true,"href":"https:\/\/mueblesypublicidad.ar\/shop\/wp-json\/wp\/v2\/comments?post=14073"}],"wp:featuredmedia":[{"embeddable":true,"href":"https:\/\/mueblesypublicidad.ar\/shop\/wp-json\/wp\/v2\/media\/14078"}],"wp:attachment":[{"href":"https:\/\/mueblesypublicidad.ar\/shop\/wp-json\/wp\/v2\/media?parent=14073"}],"wp:term":[{"taxonomy":"product_cat","embeddable":true,"href":"https:\/\/mueblesypublicidad.ar\/shop\/wp-json\/wp\/v2\/product_cat?post=14073"},{"taxonomy":"product_tag","embeddable":true,"href":"https:\/\/mueblesypublicidad.ar\/shop\/wp-json\/wp\/v2\/product_tag?post=14073"}],"curies":[{"name":"wp","href":"https:\/\/api.w.org\/{rel}","templated":true}]}}

Silla Plástica AKIRA Apilable

<p>Silla plástica con <strong>respaldo alto</strong>, regatones en las patas <strong>antideslizantes</strong>. Reforzada, soporta hasta 120 kg.</p>
<p><strong>Características</strong>:</p>
<ul>
<li>Apilable</li>
<li>Fabricada con plástico virgen de primera calidad</li>
<li>Con regatones antideslizantes en las patas</li>
<li>Soporta hasta 120 kg</li>
<li>Liviana y práctica.</li>
</ul>
<p><strong>Especificaciones técnicas<br />
</strong></p>
<ul>
<li>Ancho: 41 cm</li>
<li>Profundidad: 52 cm</li>
<li>Altura 82 cm</li>
</ul>

<p>Silla plástica con respaldo alto, regatones en las patas antideslizantes. Reforzada, soporta hasta 120 kg. Características: Apilable Fabricada con plástico virgen de</p>

Silla plástica con respaldo alto, regatones en las patas antideslizantes. Reforzada, soporta hasta 120 kg. Venta por mayor y menor. Envíos a todo el País.
